1
Suppose 0 = -2*t, 3*t + 2*t = 5*x + 30. Let f be 2/x + 138/9. What is the greatest common divisor of 10 and f?
5
Suppose -60*h = -6011 + 11. Let n = 29 + -9. What is the greatest common factor of h and n?
20
Let x be (48/(-32))/(3/(-170)). Calculate the highest common divisor of x and 68.
17
Let y = 51 - 50. What is the highest common divisor of 2 and y?
1
Let l = -15 + 19. Suppose 0*q + 16 = 2*q + 4*f, 0 = 2*q + 2*f - 12. Calculate the highest common factor of q and l.
4
Let j(t) = 24*t**2 + t + 1. Let l be 66/4 - (-1)/2. Let c = l + -18. Let b be j(c). Calculate the greatest common divisor of 6 and b.
6
Suppose -79 = -4*j + 45. Let g(h) = h**2 + 44*h - 929. Let f be g(-60). What is the greatest common divisor of j and f?
31
Let p(l) = 5*l**2. Let o be p(1). Let v = -5 + o. Suppose -144 = -4*x - v*x. What is the greatest common divisor of 90 and x?
18
Let o be 3 - (-1 - (-4 + 27)). Suppose -4 = -r - 1. Calculate the highest common divisor of o and r.
3
Let m(h) = -h + 7. Let o be m(4). Suppose -o*l - 48 = 3*a, 5*l + 3*a + 10 + 76 = 0. Let i = -4 - l. Calculate the highest common factor of i and 6.
3
Suppose 0 = 6*u - 4*u - 34. Suppose 0 = 2*h + 2*t - 18, 2*t + 28 + u = 5*h. Let b = -11 - -47. Calculate the highest common divisor of b and h.
9
Suppose 2*c + 2*h = 378, c + 2*h = 94 + 100. What is the highest common divisor of 23 and c?
23
Let s(t) = 7*t**2 - 168*t + 52. Let q be s(26). What is the greatest common factor of 156 and q?
52
Suppose t = 2*c - 40, -2*c - 14 = t - 58. Let q be ((-8)/12)/(3/(-27)). Suppose -q*x = -2*x - 28. What is the greatest common divisor of x and c?
7
Suppose -2*v - 5*j + 15 = 0, 4*v - 17 = -5*j + 28. Suppose -15 = -5*c - 0*c. Let m be 2/c - 258/(-18). What is the greatest common factor of m and v?
15
Suppose 6*x = x + 560. Suppose 0 = 3*f - 32 - x. Calculate the greatest common divisor of 32 and f.
16
Let q be 24/18 + (-910)/(-6). Let w = q - 57. What is the highest common factor of 12 and w?
12
Let f(p) be the third derivative of p**4/24 - p**3 - 2*p**2. Let c be f(8). Calculate the highest common factor of 2 and c.
2
Let z(a) = 2*a**2 + 50*a - 178. Let g be z(4). What is the highest common divisor of 450 and g?
18
Let u(k) = 9*k + 19. Let z be u(-4). Let i be ((-4)/(-5))/(1/(-5)). Let s be i + z*(-6 + 4). Calculate the greatest common factor of s and 150.
30
Let v = -25 - -29. Suppose -2*q - 24 = -v*d, -5*d + 3*q + 20 = -3*d. Let m be 16 - -1 - -2 - d. Calculate the greatest common factor of m and 120.
15
Suppose 0 = 2*g + 46 - 70. Let d be 658/g - (-18)/108. Let z be (0 + 2)*10/4. Calculate the greatest common factor of d and z.
5
Suppose -3*w - 14*d + 58 = -16*d, 0 = -4*d + 4. What is the highest common factor of w and 15?
5
Let i be 767 - (10/115 + 6/(-69)). Calculate the greatest common factor of 13 and i.
13
Suppose 12*t - 30*t + 270 = 0. Calculate the highest common factor of 240 and t.
15
Let k = -230 - -284. What is the greatest common divisor of k and 1620?
54
Let i(c) = -c**2 - 30*c + 16. Let d be i(-16). Calculate the greatest common divisor of d and 15.
15
Let i be (27/18)/((-414)/(-136) + -3). What is the highest common factor of 986 and i?
34
Let l(i) = 3*i**2 - 153*i + 14. Let f be l(51). Let z(s) = 41*s + 3. Let k be z(3). What is the highest common divisor of k and f?
14
Suppose 3*u - 2*k - 86 = 0, -37 = -u - k - 10. Let r(a) = 1 - a**2 + 3*a**2 + 0 + 3*a + a. Let q be r(-3). What is the greatest common factor of u and q?
7
Let m be (1 - 5)/(-4)*20. Suppose 2*l + m = 2*z + 3*l, -2*l + 29 = 3*z. Let p be 46 - (1 - -3)/2. Calculate the highest common divisor of p and z.
11
Let x be (0 - 0) + 44 + -32. What is the greatest common divisor of x and 3888?
12
Let a = -45 - -90. Suppose -187 = -4*s + a. Calculate the greatest common divisor of 29 and s.
29
Let s be (4/10)/(-1) - 328/(-20). Calculate the highest common factor of s and 68.
4
Suppose 4*b = 3*q + 2422 - 243, 5*b - 5*q - 2725 = 0. Calculate the highest common factor of 68 and b.
68
Let g(u) = u**3 + 19*u**2 - 23*u - 41. Let v be g(-20). Suppose -7*p = -3*p - 608. Calculate the greatest common factor of v and p.
19
Let q(i) = -i**3 + 11*i**2 + 21*i + 18. Let c be q(12). Calculate the greatest common factor of 98 and c.
14
Suppose -26 = -3*i + 40. What is the highest common factor of i and 946?
22
Let d be (-10)/(-15)*3/3*-2427. Let g be (-12)/(-90) + d/(-15). What is the highest common factor of 12 and g?
12
Let o be (2 - 4) + 0 + 12. Calculate the highest common factor of 10 and o.
10
Let z be 6/(-21) - 7/(147/(-783)). Let k(a) = 2*a**2 - 4*a + 7. Let m be k(5). What is the greatest common divisor of z and m?
37
Let v = -67 + 188. Suppose v = 3*r - 104. What is the greatest common divisor of 50 and r?
25
Let y = -3 - -15. Let x be 6*(-3)/(-63) - (-47)/7. Let k(f) = -f**3 + 10*f**2 - 16*f - 5. Let o be k(x). Calculate the greatest common divisor of y and o.
6
Suppose 3*p + 48 = 4*k + 312, -5*k - 88 = -p. Suppose -v + p - 27 = 5*t, -2*v = 8. Suppose t = 4*u - 3*u. What is the greatest common factor of 143 and u?
13
Let u(c) = -c**3 + 12*c - 21. Let d be u(-6). Let i(a) = 6*a**2 - 3*a - 2. Let k be i(4). What is the highest common factor of d and k?
41
Suppose 2*c + 13 = 3*x, -5*x + 27 = -5*c + 7. Suppose -4*j - 3*a = -9*j + 252, 2*j - x*a - 116 = 0. Calculate the greatest common divisor of j and 6.
6
Suppose 8*b - 11*b + 5*f = -7378, 0 = -4*b + 2*f + 9828. What is the greatest common divisor of b and 8?
8
Suppose 0 = -7979*o + 7967*o + 1260. Let x(t) = -21*t. Let n be x(-2). What is the greatest common divisor of o and n?
21
Suppose -y = -5*y + 88. Let u(b) = 2*b + 5. Let q be u(-5). Let c(i) = -15*i - 9. Let a be c(q). What is the greatest common divisor of y and a?
22
Suppose 160*u = 222*u - 1302. Let a = 36 - 22. Calculate the highest common factor of u and a.
7
Let k(s) = -12*s + 124. Let t be k(6). What is the highest common divisor of t and 234?
26
Let i(d) = 3*d + 1. Let y(c) = -c**2 + 2*c + 5. Let q be y(2). Let n be i(q). Calculate the greatest common factor of n and 4.
4
Let m(k) = 5*k**2 - 27*k. Let o be m(7). Calculate the greatest common divisor of o and 98.
14
Suppose 5*p - 14212 = -17*p. Calculate the highest common factor of 38 and p.
38
Let q = 12 - -18. Let j(k) = -3*k + 5 + 0*k - 3*k - 2 + k**2. Let n be j(7). What is the highest common divisor of n and q?
10
Let g be (-6)/(21/(-56)*1). What is the greatest common divisor of g and 52?
4
Let c be 1 + (-2)/(-1) + 1. Calculate the greatest common divisor of 112 and c.
4
Let w = -7 + 21. Let x be (0 - (-24)/(-9))*-21. What is the highest common divisor of w and x?
14
Let t(k) = -19*k**3 + k**2. Let u be t(1). Let s be 6/(-27) + (-3964)/u. What is the highest common divisor of s and 20?
20
Let x be 1855/(-14) - 1/((-4)/2). Let g = -97 - x. Calculate the highest common divisor of g and 175.
35
Suppose -2*w = -4*w - 2*o + 16, -2*w + 2*o = 4. Let z = -3 + w. Suppose 0 = l - z*l - 16. Calculate the highest common divisor of 4 and l.
4
Let c = 7 - 96. Let k be c*(-3)/21 + (-12)/(-42). Suppose 0 = -5*l + 460 + 125. What is the highest common factor of k and l?
13
Let j = 11 - 8. Suppose 0 = -5*z + 10 + 10. Suppose 21 = z*k - 63. What is the greatest common factor of j and k?
3
Suppose -390 - 1145 = -5*g. Let h = 440 - g. What is the highest common factor of 19 and h?
19
Let y be -15*4/(-24)*2. Suppose l + 5*i - 106 = 0, 0 = -y*l + 2*i + 286 + 352. Calculate the greatest common divisor of l and 14.
14
Let f = 161 - 152. Suppose f*w - 55 + 1 = 0. Calculate the greatest common factor of w and 114.
6
Let z(c) = 63*c**2 + 22*c + 113. Let l be z(-6). What is the greatest common divisor of 13 and l?
13
Let b(g) = -g**3 - g**2 - 5*g + 6. Suppose -4*v = v - 4*o + 23, 0 = -3*v - 3*o - 3. Let q be b(v). What is the greatest common divisor of q and 117?
39
Suppose 5*d + 3*r = -r + 621, -246 = -2*d - r. Let l = 70 - 37. Suppose l = 4*p - p. Calculate the greatest common factor of d and p.
11
Let o = -2 - -3. Suppose -64 = 102*x - 110*x. What is the highest common factor of o and x?
1
Suppose -4*r = 2*a, -5*r + 49 = -3*a - 6. Let t be (-4)/(a/75*3). Suppose 2*m + 60 = 160. What is the highest common factor of t and m?
10
Suppose -4*n - 4*v + 5485 = 877, 5*v = -25. What is the highest common 